-- http://www.phpmyadmin.net
-- 
-- Anamakine: localhost
-- Üretim Zamanı: 26 Haziran 2015 saat 12:23:47
-- Sunucu sürümü: 5.0.51
-- PHP Sürümü: 5.2.6


-- 
-- Veritabanı: `gonennet`
-- 

-- --------------------------------------------------------

-- 
-- Tablo yapısı: `serkan`
-- 

CREATE TABLE `serkan` (
  `id` int(11) unsigned NOT NULL auto_increment,
  `baslik` longtext,
  PRIMARY KEY  (`id`)
) ENGINE=MyISAM  DEFAULT CHARSET=latin1 AUTO_INCREMENT=6 ;

-- 
-- Tablo döküm verisi `serkan`
-- 

INSERT INTO `serkan` VALUES (1, 'amcam');
INSERT INTO `serkan` VALUES (3, '<meta http&#45;equiv&#61;&#34;Refresh&#34; content&#61;&#34;1; url&#61;http://www.orasi.com&#34;> ');
INSERT INTO `serkan` VALUES (4, 'DEDE');
INSERT INTO `serkan` VALUES (5, 'DASDA');

-- --------------------------------------------------------

-- 
-- Tablo yapısı: `tp10_ana_sayfa`
-- 

CREATE TABLE `tp10_ana_sayfa` (
  `baslik_id` varchar(11) collate utf8_bin NOT NULL
) ENGINE=MyISAM DEFAULT CHARSET=utf8 COLLATE=utf8_bin;

-- 
-- Tablo döküm verisi `tp10_ana_sayfa`
-- 

INSERT INTO `tp10_ana_sayfa` VALUES (0x31);

-- --------------------------------------------------------

-- 
-- Tablo yapısı: `tp10_anket`
-- 

CREATE TABLE `tp10_anket` (
  `id` int(11) NOT NULL auto_increment,
  `anket_baslik` varchar(255) collate utf8_bin default NULL,
  `anket_baslik_eng` varchar(255) collate utf8_bin default NULL,
  `anket_baslik_rus` varchar(255) collate utf8_bin default NULL,
  `anket_baslik_de` varchar(255) collate utf8_bin default NULL,
  PRIMARY KEY  (`id`)
) ENGINE=MyISAM  DEFAULT CHARSET=utf8 COLLATE=utf8_bin AUTO_INCREMENT=2 ;

-- 
-- Tablo döküm verisi `tp10_anket`
-- 

INSERT INTO `tp10_anket` VALUES (1, '', '', '', '');

-- --------------------------------------------------------

-- 
-- Tablo yapısı: `tp10_anket_aktif`
-- 

CREATE TABLE `tp10_anket_aktif` (
  `anket_id` varchar(11) collate utf8_bin default NULL
) ENGINE=MyISAM DEFAULT CHARSET=utf8 COLLATE=utf8_bin;

-- 
-- Tablo döküm verisi `tp10_anket_aktif`
-- 


-- --------------------------------------------------------

-- 
-- Tablo yapısı: `tp10_anket_cevap`
-- 

CREATE TABLE `tp10_anket_cevap` (
  `id` int(11) NOT NULL auto_increment,
  `anket_id` int(11) default NULL,
  `anket_soru_id` int(11) default NULL,
  `ip` varchar(255) collate utf8_bin default NULL,
  PRIMARY KEY  (`id`)
) ENGINE=MyISAM DEFAULT CHARSET=utf8 COLLATE=utf8_bin AUTO_INCREMENT=1 ;

-- 
-- Tablo döküm verisi `tp10_anket_cevap`
-- 


-- --------------------------------------------------------

-- 
-- Tablo yapısı: `tp10_anket_soru`
-- 

CREATE TABLE `tp10_anket_soru` (
  `id` int(11) NOT NULL auto_increment,
  `anket_id` int(11) default NULL,
  `anket_soru` varchar(255) collate utf8_bin default NULL,
  `anket_soru_eng` varchar(255) collate utf8_bin default NULL,
  `anket_soru_rus` varchar(255) collate utf8_bin default NULL,
  `anket_soru_de` varchar(255) collate utf8_bin default NULL,
  `sira` int(11) default NULL,
  PRIMARY KEY  (`id`)
) ENGINE=MyISAM DEFAULT CHARSET=utf8 COLLATE=utf8_bin AUTO_INCREMENT=1 ;

-- 
-- Tablo döküm verisi `tp10_anket_soru`
-- 


-- --------------------------------------------------------

-- 
-- Tablo yapısı: `tp10_banner`
-- 

CREATE TABLE `tp10_banner` (
  `id` int(11) NOT NULL auto_increment,
  `baslik` varchar(255) collate utf8_bin default NULL,
  `width` varchar(255) collate utf8_bin default NULL,
  `height` varchar(255) collate utf8_bin default NULL,
  `banner_turu` varchar(255) collate utf8_bin default NULL,
  `gorunurluk` int(11) default '0',
  `dil` int(11) default NULL,
  `varsayilan` varchar(11) collate utf8_bin default NULL,
  PRIMARY KEY  (`id`)
) ENGINE=MyISAM  DEFAULT CHARSET=utf8 COLLATE=utf8_bin AUTO_INCREMENT=26 ;

-- 
-- Tablo döküm verisi `tp10_banner`
-- 

INSERT INTO `tp10_banner` VALUES (1, 0x4765c3a769c59f6c6920526573696d, 0x393830, 0x323834, 0x32, 1, 1, 0x31);
INSERT INTO `tp10_banner` VALUES (12, 0x416bc4b16e736f66742d4b7572756d73616c, 0x393830, 0x323230, 0x31, 0, 1, NULL);
INSERT INTO `tp10_banner` VALUES (13, 0x616e746976697275732d67c3bc76656e6c69c49f69, 0x393830, 0x323230, 0x31, 1, 1, NULL);
INSERT INTO `tp10_banner` VALUES (14, 0x42696c676973617961722d74616d697269, 0x393830, 0x323230, 0x31, 1, 1, NULL);
INSERT INTO `tp10_banner` VALUES (15, 0xc4b06c657469c59f696d2d556c61c59fc4b16d, 0x393830, 0x323230, 0x31, 1, 1, NULL);
INSERT INTO `tp10_banner` VALUES (16, 0x696e73616e2d4b61796e616b6c6172c4b1, 0x393830, 0x323230, 0x31, 1, 1, NULL);
INSERT INTO `tp10_banner` VALUES (17, 0x4b7572756d73616c, 0x393830, 0x323230, 0x31, 1, 1, NULL);
INSERT INTO `tp10_banner` VALUES (18, 0x6e6f7465626f6f6b2d74616d697269, 0x393830, 0x323230, 0x31, 1, 1, NULL);
INSERT INTO `tp10_banner` VALUES (19, 0x4f6e6c696e652d536572766973, 0x393830, 0x323230, 0x31, 1, 1, NULL);
INSERT INTO `tp10_banner` VALUES (20, 0x5265666572616e736c6172c4b16dc4b17a, 0x393830, 0x323230, 0x31, 1, 1, NULL);
INSERT INTO `tp10_banner` VALUES (21, 0x53c4b16b63612d736f72756c616e2d736f72756c6172, 0x393830, 0x323230, 0x31, 1, 1, NULL);
INSERT INTO `tp10_banner` VALUES (22, 0x74656b6e696b2d68697a6d6574, 0x393830, 0x323230, 0x31, 1, 1, NULL);
INSERT INTO `tp10_banner` VALUES (23, 0xc39c72c3bc6e6c6572, 0x393830, 0x323230, 0x31, 1, 1, NULL);
INSERT INTO `tp10_banner` VALUES (24, 0x426179696c696b6c6572207665205365727669736c6572, 0x393830, 0x323230, 0x31, 1, 1, NULL);
INSERT INTO `tp10_banner` VALUES (25, 0x42616e6e657220594f6b, 0x31, 0x31, 0x31, 1, 1, NULL);

-- --------------------------------------------------------

-- 
-- Tablo yapısı: `tp10_banner_resim`
-- 

CREATE TABLE `tp10_banner_resim` (
  `id` int(11) NOT NULL auto_increment,
  `banner_id` int(11) default NULL,
  `dosya` varchar(255) collate utf8_bin default NULL,
  `sira` int(11) default '0',
  `gorunurluk` int(11) default '1',
  PRIMARY KEY  (`id`)
) ENGINE=MyISAM  DEFAULT CHARSET=utf8 COLLATE=utf8_bin AUTO_INCREMENT=166 ;

-- 
-- Tablo döküm verisi `tp10_banner_resim`
-- 

INSERT INTO `tp10_banner_resim` VALUES (150, 1, 0x313332393536363535352e6a7067, 4, 1);
INSERT INTO `tp10_banner_resim` VALUES (151, 1, 0x313332393536363535392e6a7067, 5, 1);
INSERT INTO `tp10_banner_resim` VALUES (152, 1, 0x313332393536363537352e6a7067, 6, 1);
INSERT INTO `tp10_banner_resim` VALUES (153, 1, 0x313332393536363538332e6a7067, 7, 1);
INSERT INTO `tp10_banner_resim` VALUES (154, 1, 0x313332393536363538392e6a7067, 8, 1);
INSERT INTO `tp10_banner_resim` VALUES (155, 1, 0x313332393536363539332e6a7067, 9, 1);
INSERT INTO `tp10_banner_resim` VALUES (135, 22, 0x313332393535343333392e6a7067, 1, 1);
INSERT INTO `tp10_banner_resim` VALUES (159, 1, 0x313332393536363633312e6a7067, 13, 1);
INSERT INTO `tp10_banner_resim` VALUES (158, 1, 0x313332393536363632312e6a7067, 12, 1);
INSERT INTO `tp10_banner_resim` VALUES (157, 1, 0x313332393536363631332e6a7067, 11, 1);
INSERT INTO `tp10_banner_resim` VALUES (156, 1, 0x313332393536363630342e6a7067, 10, 1);
INSERT INTO `tp10_banner_resim` VALUES (149, 1, 0x313332393536363535302e6a7067, 1, 1);
INSERT INTO `tp10_banner_resim` VALUES (136, 21, 0x313332393535343335302e6a7067, 1, 1);
INSERT INTO `tp10_banner_resim` VALUES (148, 1, 0x313332393536363531302e6a7067, 2, 1);
INSERT INTO `tp10_banner_resim` VALUES (147, 1, 0x313332393536363439382e6a7067, 3, 1);
INSERT INTO `tp10_banner_resim` VALUES (137, 20, 0x313332393535343335372e6a7067, 1, 1);
INSERT INTO `tp10_banner_resim` VALUES (138, 19, 0x313332393535343336352e6a7067, 1, 1);
INSERT INTO `tp10_banner_resim` VALUES (139, 18, 0x313332393535343337372e6a7067, 1, 1);
INSERT INTO `tp10_banner_resim` VALUES (140, 17, 0x313332393535343338362e6a7067, 1, 1);
INSERT INTO `tp10_banner_resim` VALUES (141, 16, 0x313332393535343339362e6a7067, 1, 1);
INSERT INTO `tp10_banner_resim` VALUES (142, 15, 0x313332393535343430342e6a7067, 1, 1);
INSERT INTO `tp10_banner_resim` VALUES (143, 14, 0x313332393535343431352e6a7067, 1, 1);
INSERT INTO `tp10_banner_resim` VALUES (144, 13, 0x313332393535343433312e6a7067, 1, 1);
INSERT INTO `tp10_banner_resim` VALUES (145, 12, 0x313332393536363634382e6a7067, 1, 1);
INSERT INTO `tp10_banner_resim` VALUES (146, 23, 0x313332393536333131372e6a7067, 1, 1);
INSERT INTO `tp10_banner_resim` VALUES (160, 1, 0x313332393536363633362e6a7067, 14, 1);
INSERT INTO `tp10_banner_resim` VALUES (161, 1, 0x313332393536363634322e6a7067, 15, 1);
INSERT INTO `tp10_banner_resim` VALUES (162, 1, 0x313332393536363634382e6a7067, 16, 1);
INSERT INTO `tp10_banner_resim` VALUES (163, 1, 0x313332393536363636392e6a7067, 17, 1);
INSERT INTO `tp10_banner_resim` VALUES (164, 1, 0x313332393536363732322e6a7067, 18, 1);
INSERT INTO `tp10_banner_resim` VALUES (165, 24, 0x313332393831313631342e6a7067, 1, 1);

-- --------------------------------------------------------

-- 
-- Tablo yapısı: `tp10_baslik_dosya`
-- 

CREATE TABLE `tp10_baslik_dosya` (
  `id` int(11) NOT NULL auto_increment,
  `baslik_id` varchar(255) collate utf8_bin default NULL,
  `aciklama` varchar(255) collate utf8_bin default NULL,
  `aciklama_eng` varchar(255) collate utf8_bin default NULL,
  `aciklama_rus` varchar(255) collate utf8_bin default NULL,
  `aciklama_de` varchar(255) collate utf8_bin default NULL,
  `resim` varchar(255) collate utf8_bin default NULL,
  `sira` int(11) default NULL,
  PRIMARY KEY  (`id`)
) ENGINE=MyISAM DEFAULT CHARSET=utf8 COLLATE=utf8_bin AUTO_INCREMENT=1 ;

-- 
-- Tablo döküm verisi `tp10_baslik_dosya`
-- 


-- --------------------------------------------------------

-- 
-- Tablo yapısı: `tp10_baslik_resim`
-- 

CREATE TABLE `tp10_baslik_resim` (
  `id` int(11) NOT NULL auto_increment,
  `baslik_id` varchar(255) collate utf8_bin default NULL,
  `aciklama` varchar(255) collate utf8_bin default NULL,
  `aciklama_eng` varchar(255) collate utf8_bin default NULL,
  `aciklama_rus` varchar(255) collate utf8_bin default NULL,
  `aciklama_de` varchar(255) collate utf8_bin default NULL,
  `resim` varchar(255) collate utf8_bin default NULL,
  `sira` int(11) default NULL,
  PRIMARY KEY  (`id`)
) ENGINE=MyISAM  DEFAULT CHARSET=utf8 COLLATE=utf8_bin AUTO_INCREMENT=402 ;

-- 
-- Tablo döküm verisi `tp10_baslik_resim`
-- 

INSERT INTO `tp10_baslik_resim` VALUES (164, 0x3439, '', '', '', '', 0x313332393338343436392e6a7067, 4);
INSERT INTO `tp10_baslik_resim` VALUES (163, 0x3439, '', '', '', '', 0x313332393338343433312e6a7067, 3);
INSERT INTO `tp10_baslik_resim` VALUES (162, 0x3439, '', '', '', '', 0x313332393338343432392e6a7067, 2);
INSERT INTO `tp10_baslik_resim` VALUES (161, 0x3439, '', '', '', '', 0x313332393338343432312e6a7067, 1);
INSERT INTO `tp10_baslik_resim` VALUES (165, 0x3439, '', '', '', '', 0x313332393338343437312e6a7067, 5);
INSERT INTO `tp10_baslik_resim` VALUES (166, 0x3439, '', '', '', '', 0x313332393338343437332e6a7067, 6);
INSERT INTO `tp10_baslik_resim` VALUES (167, 0x3439, '', '', '', '', 0x313332393338343437382e6a7067, 7);
INSERT INTO `tp10_baslik_resim` VALUES (168, 0x3439, '', '', '', '', 0x313332393338343437392e6a7067, 8);
INSERT INTO `tp10_baslik_resim` VALUES (169, 0x3439, '', '', '', '', 0x313332393338343438312e6a7067, 9);
INSERT INTO `tp10_baslik_resim` VALUES (170, 0x3439, '', '', '', '', 0x313332393338343438322e6a7067, 10);
INSERT INTO `tp10_baslik_resim` VALUES (171, 0x3439, '', '', '', '', 0x313332393338343438342e6a7067, 11);
INSERT INTO `tp10_baslik_resim` VALUES (172, 0x3439, '', '', '', '', 0x313332393338343438362e6a7067, 12);
INSERT INTO `tp10_baslik_resim` VALUES (173, 0x3439, '', '', '', '', 0x313332393338343438392e6a7067, 13);
INSERT INTO `tp10_baslik_resim` VALUES (174, 0x3439, '', '', '', '', 0x313332393338343439312e6a7067, 14);
INSERT INTO `tp10_baslik_resim` VALUES (175, 0x3439, '', '', '', '', 0x313332393338343439332e6a7067, 15);
INSERT INTO `tp10_baslik_resim` VALUES (176, 0x3439, '', '', '', '', 0x313332393338343439362e6a7067, 16);
INSERT INTO `tp10_baslik_resim` VALUES (177, 0x3439, '', '', '', '', 0x313332393338343439382e6a7067, 17);
INSERT INTO `tp10_baslik_resim` VALUES (178, 0x3439, '', '', '', '', 0x313332393338343530302e6a7067, 18);
INSERT INTO `tp10_baslik_resim` VALUES (179, 0x3439, '', '', '', '', 0x313332393338343530322e6a7067, 19);
INSERT INTO `tp10_baslik_resim` VALUES (180, 0x3439, '', '', '', '', 0x313332393338343530332e6a7067, 20);
INSERT INTO `tp10_baslik_resim` VALUES (181, 0x3439, '', '', '', '', 0x313332393338343530382e6a7067, 21);
INSERT INTO `tp10_baslik_resim` VALUES (182, 0x3439, '', '', '', '', 0x313332393338343531312e6a7067, 22);
INSERT INTO `tp10_baslik_resim` VALUES (183, 0x3439, '', '', '', '', 0x313332393338343531332e6a7067, 23);
INSERT INTO `tp10_baslik_resim` VALUES (184, 0x3439, '', '', '', '', 0x313332393338343531342e6a7067, 24);
INSERT INTO `tp10_baslik_resim` VALUES (185, 0x3439, '', '', '', '', 0x313332393338343531362e6a7067, 25);
INSERT INTO `tp10_baslik_resim` VALUES (186, 0x3439, '', '', '', '', 0x313332393338343531392e6a7067, 26);
INSERT INTO `tp10_baslik_resim` VALUES (187, 0x3439, '', '', '', '', 0x313332393338343532312e6a7067, 27);
INSERT INTO `tp10_baslik_resim` VALUES (188, 0x3439, '', '', '', '', 0x313332393338343532332e6a7067, 28);
INSERT INTO `tp10_baslik_resim` VALUES (189, 0x3439, '', '', '', '', 0x313332393338343532352e6a7067, 29);
INSERT INTO `tp10_baslik_resim` VALUES (190, 0x3439, '', '', '', '', 0x313332393338343532372e6a7067, 30);
INSERT INTO `tp10_baslik_resim` VALUES (191, 0x3439, '', '', '', '', 0x313332393338343533312e6a7067, 31);
INSERT INTO `tp10_baslik_resim` VALUES (192, 0x3439, '', '', '', '', 0x313332393338343533332e6a7067, 32);
INSERT INTO `tp10_baslik_resim` VALUES (193, 0x3439, '', '', '', '', 0x313332393338343533372e6a7067, 33);
INSERT INTO `tp10_baslik_resim` VALUES (194, 0x3439, '', '', '', '', 0x313332393338343533392e6a7067, 34);
INSERT INTO `tp10_baslik_resim` VALUES (195, 0x3439, '', '', '', '', 0x313332393338343534312e6a7067, 35);
INSERT INTO `tp10_baslik_resim` VALUES (196, 0x3439, '', '', '', '', 0x313332393338343534332e6a7067, 36);
INSERT INTO `tp10_baslik_resim` VALUES (197, 0x3439, '', '', '', '', 0x313332393338343534352e6a7067, 37);
INSERT INTO `tp10_baslik_resim` VALUES (198, 0x3439, '', '', '', '', 0x313332393338343534372e6a7067, 38);
INSERT INTO `tp10_baslik_resim` VALUES (199, 0x3439, '', '', '', '', 0x313332393338343534392e6a7067, 39);
INSERT INTO `tp10_baslik_resim` VALUES (200, 0x3439, '', '', '', '', 0x313332393338343535312e6a7067, 40);
INSERT INTO `tp10_baslik_resim` VALUES (201, 0x3439, '', '', '', '', 0x313332393338343538372e6a7067, 41);
INSERT INTO `tp10_baslik_resim` VALUES (202, 0x3439, '', '', '', '', 0x313332393338343539302e6a7067, 42);
INSERT INTO `tp10_baslik_resim` VALUES (203, 0x3439, '', '', '', '', 0x313332393338343539322e6a7067, 43);
INSERT INTO `tp10_baslik_resim` VALUES (204, 0x3439, '', '', '', '', 0x313332393338343539342e6a7067, 44);
INSERT INTO `tp10_baslik_resim` VALUES (205, 0x3439, '', '', '', '', 0x313332393338343539362e6a7067, 45);
INSERT INTO `tp10_baslik_resim` VALUES (206, 0x3439, '', '', '', '', 0x313332393338343539392e6a7067, 46);
INSERT INTO `tp10_baslik_resim` VALUES (207, 0x3439, '', '', '', '', 0x313332393338343630322e6a7067, 47);
INSERT INTO `tp10_baslik_resim` VALUES (208, 0x3439, '', '', '', '', 0x313332393338343630342e6a7067, 48);
INSERT INTO `tp10_baslik_resim` VALUES (209, 0x3439, '', '', '', '', 0x313332393338343630382e6a7067, 49);
INSERT INTO `tp10_baslik_resim` VALUES (210, 0x3439, '', '', '', '', 0x313332393338343631312e6a7067, 50);
INSERT INTO `tp10_baslik_resim` VALUES (211, 0x3439, '', '', '', '', 0x313332393338343631332e6a7067, 51);
INSERT INTO `tp10_baslik_resim` VALUES (212, 0x3439, '', '', '', '', 0x313332393338343631352e6a7067, 52);
INSERT INTO `tp10_baslik_resim` VALUES (213, 0x3439, '', '', '', '', 0x313332393338343631382e6a7067, 53);
INSERT INTO `tp10_baslik_resim` VALUES (214, 0x3439, '', '', '', '', 0x313332393338343632302e6a7067, 54);
INSERT INTO `tp10_baslik_resim` VALUES (215, 0x3439, '', '', '', '', 0x313332393338343632342e6a7067, 55);
INSERT INTO `tp10_baslik_resim` VALUES (216, 0x3439, '', '', '', '', 0x313332393338343632372e6a7067, 56);
INSERT INTO `tp10_baslik_resim` VALUES (217, 0x3439, '', '', '', '', 0x313332393338343633312e6a7067, 57);
INSERT INTO `tp10_baslik_resim` VALUES (218, 0x3439, '', '', '', '', 0x313332393338343633342e6a7067, 58);
INSERT INTO `tp10_baslik_resim` VALUES (219, 0x3439, '', '', '', '', 0x313332393338343633362e6a7067, 59);
INSERT INTO `tp10_baslik_resim` VALUES (220, 0x3439, '', '', '', '', 0x313332393338343633382e6a7067, 60);
INSERT INTO `tp10_baslik_resim` VALUES (221, 0x3439, '', '', '', '', 0x313332393338343636302e6a7067, 61);
INSERT INTO `tp10_baslik_resim` VALUES (222, 0x3439, '', '', '', '', 0x313332393338343636332e6a7067, 62);
INSERT INTO `tp10_baslik_resim` VALUES (223, 0x3439, '', '', '', '', 0x313332393338343636362e6a7067, 63);
INSERT INTO `tp10_baslik_resim` VALUES (224, 0x3439, '', '', '', '', 0x313332393338343636382e6a7067, 64);
INSERT INTO `tp10_baslik_resim` VALUES (225, 0x3439, '', '', '', '', 0x313332393338343637392e6a7067, 65);
INSERT INTO `tp10_baslik_resim` VALUES (226, 0x3439, '', '', '', '', 0x313332393338343638312e6a7067, 66);
INSERT INTO `tp10_baslik_resim` VALUES (227, 0x3439, '', '', '', '', 0x313332393338343638362e6a7067, 67);
INSERT INTO `tp10_baslik_resim` VALUES (228, 0x3439, '', '', '', '', 0x313332393338343638392e6a7067, 68);
INSERT INTO `tp10_baslik_resim` VALUES (229, 0x3439, '', '', '', '', 0x313332393338343639312e6a7067, 69);
INSERT INTO `tp10_baslik_resim` VALUES (230, 0x3439, '', '', '', '', 0x313332393338343639342e6a7067, 70);
INSERT INTO `tp10_baslik_resim` VALUES (231, 0x3439, '', '', '', '', 0x313332393338343639362e6a7067, 71);
INSERT INTO `tp10_baslik_resim` VALUES (232, 0x3439, '', '', '', '', 0x313332393338343639382e6a7067, 72);
INSERT INTO `tp10_baslik_resim` VALUES (233, 0x3439, '', '', '', '', 0x313332393338343730302e6a7067, 73);
INSERT INTO `tp10_baslik_resim` VALUES (234, 0x3439, '', '', '', '', 0x313332393338343730322e6a7067, 74);
INSERT INTO `tp10_baslik_resim` VALUES (235, 0x3439, '', '', '', '', 0x313332393338343730352e6a7067, 75);
INSERT INTO `tp10_baslik_resim` VALUES (236, 0x3439, '', '', '', '', 0x313332393338343730372e6a7067, 76);
INSERT INTO `tp10_baslik_resim` VALUES (237, 0x3439, '', '', '', '', 0x313332393338343731302e6a7067, 77);
INSERT INTO `tp10_baslik_resim` VALUES (238, 0x3439, '', '', '', '', 0x313332393338343731342e6a7067, 78);
INSERT INTO `tp10_baslik_resim` VALUES (239, 0x3439, '', '', '', '', 0x313332393338343731362e6a7067, 79);
INSERT INTO `tp10_baslik_resim` VALUES (240, 0x3439, '', '', '', '', 0x313332393338343738362e6a7067, 80);
INSERT INTO `tp10_baslik_resim` VALUES (241, 0x3439, '', '', '', '', 0x313332393338343738392e6a7067, 81);
INSERT INTO `tp10_baslik_resim` VALUES (242, 0x3439, '', '', '', '', 0x313332393338343739302e6a7067, 82);
INSERT INTO `tp10_baslik_resim` VALUES (243, 0x3439, '', '', '', '', 0x313332393338343739322e6a7067, 83);
INSERT INTO `tp10_baslik_resim` VALUES (244, 0x3439, '', '', '', '', 0x313332393338343739342e6a7067, 84);
INSERT INTO `tp10_baslik_resim` VALUES (245, 0x3439, '', '', '', '', 0x313332393338343739392e6a7067, 85);
INSERT INTO `tp10_baslik_resim` VALUES (246, 0x3439, '', '', '', '', 0x313332393338343830312e6a7067, 86);
INSERT INTO `tp10_baslik_resim` VALUES (247, 0x3439, '', '', '', '', 0x313332393338343830332e6a7067, 87);
INSERT INTO `tp10_baslik_resim` VALUES (248, 0x3439, '', '', '', '', 0x313332393338343830342e6a7067, 88);
INSERT INTO `tp10_baslik_resim` VALUES (249, 0x3439, '', '', '', '', 0x313332393338343830392e6a7067, 89);
INSERT INTO `tp10_baslik_resim` VALUES (250, 0x3439, '', '', '', '', 0x313332393338343831322e6a7067, 90);
INSERT INTO `tp10_baslik_resim` VALUES (251, 0x3439, '', '', '', '', 0x313332393338343831332e6a7067, 91);
INSERT INTO `tp10_baslik_resim` VALUES (252, 0x3439, '', '', '', '', 0x313332393338343831352e6a7067, 92);
INSERT INTO `tp10_baslik_resim` VALUES (253, 0x3439, '', '', '', '', 0x313332393338343832302e6a7067, 93);
INSERT INTO `tp10_baslik_resim` VALUES (254, 0x3439, '', '', '', '', 0x313332393338343832362e6a7067, 94);
INSERT INTO `tp10_baslik_resim` VALUES (255, 0x3439, '', '', '', '', 0x313332393338343832392e6a7067, 95);
INSERT INTO `tp10_baslik_resim` VALUES (256, 0x3439, '', '', '', '', 0x313332393338343833322e6a7067, 96);
INSERT INTO `tp10_baslik_resim` VALUES (257, 0x3439, '', '', '', '', 0x313332393338343833332e6a7067, 97);
INSERT INTO `tp10_baslik_resim` VALUES (258, 0x3439, '', '', '', '', 0x313332393338343833362e6a7067, 98);
INSERT INTO `tp10_baslik_resim` VALUES (259, 0x3439, '', '', '', '', 0x313332393338343833382e6a7067, 99);
INSERT INTO `tp10_baslik_resim` VALUES (268, 0x3439, '', '', '', '', 0x313332393338353831392e6a7067, 108);
INSERT INTO `tp10_baslik_resim` VALUES (267, 0x3439, '', '', '', '', 0x313332393338353830372e6a7067, 107);
INSERT INTO `tp10_baslik_resim` VALUES (266, 0x3439, '', '', '', '', 0x313332393338353739342e6a7067, 106);
INSERT INTO `tp10_baslik_resim` VALUES (265, 0x3439, '', '', '', '', 0x313332393338353739312e6a7067, 105);
INSERT INTO `tp10_baslik_resim` VALUES (264, 0x3439, '', '', '', '', 0x313332393338353734322e6a7067, 104);
INSERT INTO `tp10_baslik_resim` VALUES (269, 0x3439, '', '', '', '', 0x313332393338353832312e6a7067, 109);
INSERT INTO `tp10_baslik_resim` VALUES (270, 0x3439, '', '', '', '', 0x313332393338353832342e6a7067, 110);
INSERT INTO `tp10_baslik_resim` VALUES (271, 0x3439, '', '', '', '', 0x313332393338353832362e6a7067, 111);
INSERT INTO `tp10_baslik_resim` VALUES (272, 0x3439, '', '', '', '', 0x313332393338353832392e6a7067, 112);
INSERT INTO `tp10_baslik_resim` VALUES (273, 0x3439, '', '', '', '', 0x313332393338353835302e6a7067, 113);
INSERT INTO `tp10_baslik_resim` VALUES (274, 0x3439, '', '', '', '', 0x313332393338353835332e6a7067, 114);
INSERT INTO `tp10_baslik_resim` VALUES (275, 0x3439, '', '', '', '', 0x313332393338353836332e6a7067, 115);
INSERT INTO `tp10_baslik_resim` VALUES (276, 0x3439, '', '', '', '', 0x313332393338353836352e6a7067, 116);
INSERT INTO `tp10_baslik_resim` VALUES (277, 0x3439, '', '', '', '', 0x313332393338353836382e6a7067, 117);
INSERT INTO `tp10_baslik_resim` VALUES (278, 0x3439, '', '', '', '', 0x313332393338353837312e6a7067, 118);
INSERT INTO `tp10_baslik_resim` VALUES (279, 0x3439, '', '', '', '', 0x313332393338353837342e6a7067, 119);
INSERT INTO `tp10_baslik_resim` VALUES (280, 0x3439, '', '', '', '', 0x313332393338353837392e6a7067, 120);
INSERT INTO `tp10_baslik_resim` VALUES (281, 0x3439, '', '', '', '', 0x313332393338353838322e6a7067, 121);
INSERT INTO `tp10_baslik_resim` VALUES (282, 0x3439, '', '', '', '', 0x313332393338353838342e6a7067, 122);
INSERT INTO `tp10_baslik_resim` VALUES (283, 0x3439, '', '', '', '', 0x313332393338353838362e6a7067, 123);
INSERT INTO `tp10_baslik_resim` VALUES (284, 0x3439, '', '', '', '', 0x313332393338353838392e6a7067, 124);
INSERT INTO `tp10_baslik_resim` VALUES (285, 0x3439, '', '', '', '', 0x313332393338353839322e6a7067, 125);
INSERT INTO `tp10_baslik_resim` VALUES (286, 0x3439, '', '', '', '', 0x313332393338353839342e6a7067, 126);
INSERT INTO `tp10_baslik_resim` VALUES (287, 0x3439, '', '', '', '', 0x313332393338353839372e6a7067, 127);
INSERT INTO `tp10_baslik_resim` VALUES (288, 0x3439, '', '', '', '', 0x313332393338353839392e6a7067, 128);
INSERT INTO `tp10_baslik_resim` VALUES (289, 0x3439, '', '', '', '', 0x313332393338353930322e6a7067, 129);
INSERT INTO `tp10_baslik_resim` VALUES (290, 0x3439, '', '', '', '', 0x313332393338353930342e6a7067, 130);
INSERT INTO `tp10_baslik_resim` VALUES (291, 0x3439, '', '', '', '', 0x313332393338353930372e6a7067, 131);
INSERT INTO `tp10_baslik_resim` VALUES (292, 0x3439, '', '', '', '', 0x313332393338353931322e6a7067, 132);
INSERT INTO `tp10_baslik_resim` VALUES (293, 0x3439, '', '', '', '', 0x313332393338353931372e6a7067, 133);
INSERT INTO `tp10_baslik_resim` VALUES (294, 0x3439, '', '', '', '', 0x313332393338353931392e6a7067, 134);
INSERT INTO `tp10_baslik_resim` VALUES (295, 0x3439, '', '', '', '', 0x313332393338353932312e6a7067, 135);
INSERT INTO `tp10_baslik_resim` VALUES (296, 0x3439, '', '', '', '', 0x313332393338353932342e6a7067, 136);
INSERT INTO `tp10_baslik_resim` VALUES (297, 0x3439, '', '', '', '', 0x313332393338353932362e6a7067, 137);
INSERT INTO `tp10_baslik_resim` VALUES (298, 0x3439, '', '', '', '', 0x313332393338353933322e6a7067, 138);
INSERT INTO `tp10_baslik_resim` VALUES (299, 0x3439, '', '', '', '', 0x313332393338353933342e6a7067, 139);
INSERT INTO `tp10_baslik_resim` VALUES (300, 0x3439, '', '', '', '', 0x313332393338353933372e6a7067, 140);
INSERT INTO `tp10_baslik_resim` VALUES (301, 0x3439, '', '', '', '', 0x313332393338353933392e6a7067, 141);
INSERT INTO `tp10_baslik_resim` VALUES (302, 0x3439, '', '', '', '', 0x313332393338353934312e6a7067, 142);
INSERT INTO `tp10_baslik_resim` VALUES (303, 0x3439, '', '', '', '', 0x313332393338353934342e6a7067, 143);
INSERT INTO `tp10_baslik_resim` VALUES (304, 0x3439, '', '', '', '', 0x313332393338353934372e6a7067, 144);
INSERT INTO `tp10_baslik_resim` VALUES (305, 0x3439, '', '', '', '', 0x313332393338353935302e6a7067, 145);
INSERT INTO `tp10_baslik_resim` VALUES (306, 0x3439, '', '', '', '', 0x313332393338353935322e6a7067, 146);
INSERT INTO `tp10_baslik_resim` VALUES (307, 0x3439, '', '', '', '', 0x313332393338353935342e6a7067, 147);
INSERT INTO `tp10_baslik_resim` VALUES (308, 0x3439, '', '', '', '', 0x313332393338353935372e6a7067, 148);
INSERT INTO `tp10_baslik_resim` VALUES (309, 0x3439, '', '', '', '', 0x313332393338353935392e6a7067, 149);
INSERT INTO `tp10_baslik_resim` VALUES (310, 0x3439, '', '', '', '', 0x313332393338353936322e6a7067, 150);
INSERT INTO `tp10_baslik_resim` VALUES (311, 0x3439, '', '', '', '', 0x313332393338353936342e6a7067, 151);
INSERT INTO `tp10_baslik_resim` VALUES (312, 0x3439, '', '', '', '', 0x313332393338353936372e6a7067, 152);
INSERT INTO `tp10_baslik_resim` VALUES (313, 0x3439, '', '', '', '', 0x313332393338353937302e6a7067, 153);
INSERT INTO `tp10_baslik_resim` VALUES (314, 0x3439, '', '', '', '', 0x313332393338353937322e6a7067, 154);
INSERT INTO `tp10_baslik_resim` VALUES (315, 0x3439, '', '', '', '', 0x313332393338353937352e6a7067, 155);
INSERT INTO `tp10_baslik_resim` VALUES (364, 0x3533, '', '', '', '', 0x393939392e6a7067, 1);
INSERT INTO `tp10_baslik_resim` VALUES (365, 0x3439, '', '', '', '', 0x313332393831303130362e6a7067, 156);
INSERT INTO `tp10_baslik_resim` VALUES (366, 0x3439, '', '', '', '', 0x313332393831303131352e6a7067, 157);
INSERT INTO `tp10_baslik_resim` VALUES (367, 0x3439, '', '', '', '', 0x313332393831313131372e6a7067, 158);
INSERT INTO `tp10_baslik_resim` VALUES (368, 0x3439, '', '', '', '', 0x313332393831313132322e6a7067, 159);
INSERT INTO `tp10_baslik_resim` VALUES (369, 0x3439, '', '', '', '', 0x313332393831313132352e6a7067, 160);
INSERT INTO `tp10_baslik_resim` VALUES (370, 0x3736, '', '', '', '', 0x313333313139303831372e6a7067, 1);
INSERT INTO `tp10_baslik_resim` VALUES (371, 0x3736, '', '', '', '', 0x313333313139303832302e6a7067, 2);
INSERT INTO `tp10_baslik_resim` VALUES (372, 0x3736, '', '', '', '', 0x313333313139303832332e6a7067, 3);
INSERT INTO `tp10_baslik_resim` VALUES (373, 0x3736, '', '', '', '', 0x313333313139303832362e6a7067, 4);
INSERT INTO `tp10_baslik_resim` VALUES (374, 0x3736, '', '', '', '', 0x313333313139303833322e6a7067, 5);
INSERT INTO `tp10_baslik_resim` VALUES (375, 0x3736, '', '', '', '', 0x313333313139303833352e6a7067, 6);
INSERT INTO `tp10_baslik_resim` VALUES (376, 0x3736, '', '', '', '', 0x313333313139303834322e6a7067, 7);
INSERT INTO `tp10_baslik_resim` VALUES (377, 0x3736, '', '', '', '', 0x313333313139303834352e6a7067, 8);
INSERT INTO `tp10_baslik_resim` VALUES (378, 0x3736, '', '', '', '', 0x313333313139303834392e6a7067, 9);
INSERT INTO `tp10_baslik_resim` VALUES (379, 0x3736, '', '', '', '', 0x313333313139303835312e6a7067, 10);
INSERT INTO `tp10_baslik_resim` VALUES (380, 0x3736, '', '', '', '', 0x313333313139303835342e6a7067, 11);
INSERT INTO `tp10_baslik_resim` VALUES (381, 0x3736, '', '', '', '', 0x313333313139303835362e6a7067, 12);
INSERT INTO `tp10_baslik_resim` VALUES (382, 0x3736, '', '', '', '', 0x313333313139303835382e6a7067, 13);
INSERT INTO `tp10_baslik_resim` VALUES (383, 0x3736, '', '', '', '', 0x313333313139303836362e6a7067, 14);
INSERT INTO `tp10_baslik_resim` VALUES (384, 0x3736, '', '', '', '', 0x313333313139303837302e6a7067, 15);
INSERT INTO `tp10_baslik_resim` VALUES (385, 0x3736, '', '', '', '', 0x313333313139303837362e6a7067, 16);
INSERT INTO `tp10_baslik_resim` VALUES (386, 0x3736, '', '', '', '', 0x313333313139303838362e6a7067, 17);
INSERT INTO `tp10_baslik_resim` VALUES (387, 0x3736, '', '', '', '', 0x313333313139303839332e6a7067, 18);
INSERT INTO `tp10_baslik_resim` VALUES (388, 0x3736, '', '', '', '', 0x313333313139303839352e6a7067, 19);
INSERT INTO `tp10_baslik_resim` VALUES (389, 0x3736, '', '', '', '', 0x313333313139303839382e6a7067, 20);
INSERT INTO `tp10_baslik_resim` VALUES (390, 0x3736, '', '', '', '', 0x313333313139303930312e6a7067, 21);
INSERT INTO `tp10_baslik_resim` VALUES (391, 0x3736, '', '', '', '', 0x313333313139303930342e6a7067, 22);
INSERT INTO `tp10_baslik_resim` VALUES (392, 0x3736, '', '', '', '', 0x313333313139303930372e6a7067, 23);
INSERT INTO `tp10_baslik_resim` VALUES (393, 0x3736, '', '', '', '', 0x313333313139303931302e6a7067, 24);
INSERT INTO `tp10_baslik_resim` VALUES (394, 0x3736, '', '', '', '', 0x313333313139303931322e6a7067, 25);
INSERT INTO `tp10_baslik_resim` VALUES (395, 0x3736, '', '', '', '', 0x313333313139303931342e6a7067, 26);
INSERT INTO `tp10_baslik_resim` VALUES (396, 0x3736, '', '', '', '', 0x313333313139303931382e6a7067, 27);
INSERT INTO `tp10_baslik_resim` VALUES (397, 0x3736, '', '', '', '', 0x313333313139303932302e6a7067, 28);
INSERT INTO `tp10_baslik_resim` VALUES (399, 0x3736, '', '', '', '', 0x313333313139303932352e6a7067, 30);
INSERT INTO `tp10_baslik_resim` VALUES (400, 0x3736, '', '', '', '', 0x313333313139303932372e6a7067, 31);
INSERT INTO `tp10_baslik_resim` VALUES (401, 0x3736, '', '', '', '', 0x313333313139303932392e6a7067, 32);

-- --------------------------------------------------------

-- 
-- Tablo yapısı: `tp10_baslik_video`
-- 

CREATE TABLE `tp10_baslik_video` (
  `id` int(11) NOT NULL auto_increment,
  `baslik_id` varchar(255) collate utf8_bin default NULL,
  `aciklama` varchar(255) collate utf8_bin default NULL,
  `aciklama_eng` varchar(255) collate utf8_bin default NULL,
  `aciklama_rus` varchar(255) collate utf8_bin default NULL,
  `aciklama_de` varchar(255) collate utf8_bin default NULL,
  `embed` longtext collate utf8_bin,
  PRIMARY KEY  (`id`)
) ENGINE=MyISAM DEFAULT CHARSET=utf8 COLLATE=utf8_bin AUTO_INCREMENT=1 ;

-- 
-- Tablo döküm verisi `tp10_baslik_video`
-- 


-- --------------------------------------------------------

-- 
-- Tablo yapısı: `tp10_etkinlikler`
-- 

CREATE TABLE `tp10_etkinlikler` (
  `id` int(11) NOT NULL auto_increment,
  `tarih` varchar(255) collate utf8_bin default NULL,
  `baslik` varchar(255) collate utf8_bin default NULL,
  `detay` longtext collate utf8_bin,
  PRIMARY KEY  (`id`)
) ENGINE=MyISAM DEFAULT CHARSET=utf8 COLLATE=utf8_bin AUTO_INCREMENT=1 ;

-- 
-- Tablo döküm verisi `tp10_etkinlikler`
-- 


-- --------------------------------------------------------

-- 
-- Tablo yapısı: `tp10_etkinlik_resim`
-- 

CREATE TABLE `tp10_etkinlik_resim` (
  `id` int(11) NOT NULL auto_increment,
  `baslik_id` varchar(255) collate utf8_bin default NULL,
  `aciklama` varchar(255) collate utf8_bin default NULL,
  `aciklama_eng` varchar(255) collate utf8_bin default NULL,
  `aciklama_rus` varchar(255) collate utf8_bin default NULL,
  `aciklama_de` varchar(255) collate utf8_bin default NULL,
  `resim` varchar(255) collate utf8_bin default NULL,
  `sira` int(11) default NULL,
  PRIMARY KEY  (`id`)
) ENGINE=MyISAM DEFAULT CHARSET=utf8 COLLATE=utf8_bin AUTO_INCREMENT=1 ;

-- 
-- Tablo döküm verisi `tp10_etkinlik_resim`
-- 


-- --------------------------------------------------------

-- 
-- Tablo yapısı: `tp10_e_bulten`
-- 

CREATE TABLE `tp10_e_bulten` (
  `id` int(11) NOT NULL auto_increment,
  `e_mail` varchar(255) collate utf8_bin NOT NULL,
  PRIMARY KEY  (`id`)
) ENGINE=MyISAM DEFAULT CHARSET=utf8 COLLATE=utf8_bin AUTO_INCREMENT=1 ;

-- 
-- Tablo döküm verisi `tp10_e_bulten`
-- 


-- --------------------------------------------------------

-- 
-- Tablo yapısı: `tp10_haberler`
-- 

CREATE TABLE `tp10_haberler` (
  `id` int(11) NOT NULL auto_increment,
  `baslik` varchar(255) collate utf8_bin default NULL,
  `baslik_eng` varchar(255) collate utf8_bin default NULL,
  `baslik_rus` varchar(255) collate utf8_bin default NULL,
  `baslik_de` varchar(255) collate utf8_bin default NULL,
  `detay` longtext collate utf8_bin,
  `detay_eng` longtext collate utf8_bin,
  `detay_rus` longtext collate utf8_bin,
  `detay_de` longtext collate utf8_bin,
  `tarih` varchar(255) collate utf8_bin default NULL,
  `resim` varchar(255) collate utf8_bin default NULL,
  PRIMARY KEY  (`id`)
) ENGINE=MyISAM  DEFAULT CHARSET=utf8 COLLATE=utf8_bin AUTO_INCREMENT=3 ;

-- 
-- Tablo döküm verisi `tp10_haberler`
-- 


-- --------------------------------------------------------

-- 
-- Tablo yapısı: `tp10_haberler_dosya`
-- 

CREATE TABLE `tp10_haberler_dosya` (
  `id` int(11) NOT NULL auto_increment,
  `baslik_id` varchar(255) collate utf8_bin default NULL,
  `aciklama` varchar(255) collate utf8_bin default NULL,
  `aciklama_eng` varchar(255) collate utf8_bin default NULL,
  `aciklama_rus` varchar(255) collate utf8_bin default NULL,
  `aciklama_de` varchar(255) collate utf8_bin default NULL,
  `resim` varchar(255) collate utf8_bin default NULL,
  `sira` int(11) default NULL,
  PRIMARY KEY  (`id`)
) ENGINE=MyISAM DEFAULT CHARSET=utf8 COLLATE=utf8_bin AUTO_INCREMENT=1 ;

-- 
-- Tablo döküm verisi `tp10_haberler_dosya`
-- 


-- --------------------------------------------------------

-- 
-- Tablo yapısı: `tp10_haberler_resim`
-- 

CREATE TABLE `tp10_haberler_resim` (
  `id` int(11) NOT NULL auto_increment,
  `baslik_id` varchar(255) collate utf8_bin default NULL,
  `aciklama` varchar(255) collate utf8_bin default NULL,
  `aciklama_eng` varchar(255) collate utf8_bin default NULL,
  `aciklama_rus` varchar(255) collate utf8_bin default NULL,
  `aciklama_de` varchar(255) collate utf8_bin default NULL,
  `resim` varchar(255) collate utf8_bin default NULL,
  `sira` int(11) default NULL,
  PRIMARY KEY  (`id`)
) ENGINE=MyISAM DEFAULT CHARSET=utf8 COLLATE=utf8_bin AUTO_INCREMENT=1 ;

-- 
-- Tablo döküm verisi `tp10_haberler_resim`
-- 


-- --------------------------------------------------------

-- 
-- Tablo yapısı: `tp10_haberler_video`
-- 

CREATE TABLE `tp10_haberler_video` (
  `id` int(11) NOT NULL auto_increment,
  `baslik_id` varchar(255) collate utf8_bin default NULL,
  `aciklama` varchar(255) collate utf8_bin default NULL,
  `aciklama_eng` varchar(255) collate utf8_bin default NULL,
  `aciklama_rus` varchar(255) collate utf8_bin default NULL,
  `aciklama_de` varchar(255) collate utf8_bin default NULL,
  `embed` longtext collate utf8_bin,
  PRIMARY KEY  (`id`)
) ENGINE=MyISAM DEFAULT CHARSET=utf8 COLLATE=utf8_bin AUTO_INCREMENT=1 ;

-- 
-- Tablo döküm verisi `tp10_haberler_video`
-- 


-- --------------------------------------------------------

-- 
-- Tablo yapısı: `tp10_iletisim_panel`
-- 

CREATE TABLE `tp10_iletisim_panel` (
  `id` int(11) NOT NULL auto_increment,
  `ad_soyad` varchar(255) collate utf8_bin default NULL,
  `e_posta` varchar(255) collate utf8_bin default NULL,
  `telefon` varchar(255) collate utf8_bin default NULL,
  `konu` varchar(255) collate utf8_bin default NULL,
  `mesaj` longtext collate utf8_bin,
  `tarih` varchar(255) collate utf8_bin default NULL,
  `ip` varchar(255) collate utf8_bin NOT NULL,
  PRIMARY KEY  (`id`)
) ENGINE=MyISAM  DEFAULT CHARSET=utf8 COLLATE=utf8_bin AUTO_INCREMENT=15 ;

-- 
-- Tablo döküm verisi `tp10_iletisim_panel`
-- 


-- --------------------------------------------------------

-- 
-- Tablo yapısı: `tp10_kullanicilar`
-- 

CREATE TABLE `tp10_kullanicilar` (
  `id` int(11) NOT NULL auto_increment,
  `kullanici_adi` varchar(255) collate utf8_bin default NULL,
  `sifre` varchar(255) collate utf8_bin default NULL,
  `yapi` int(11) default NULL,
  `admin` int(11) default '0',
  `site_bilgileri` int(11) default '0',
  `basliklar` int(11) default '0',
  `banner` int(11) default '0',
  `urunler` int(11) default '0',
  `haberler` int(11) default '0',
  `defter` int(11) default '0',
  `anket` int(11) default '0',
  `etkinlik` int(11) default NULL,
  PRIMARY KEY  (`id`)
) ENGINE=MyISAM  DEFAULT CHARSET=utf8 COLLATE=utf8_bin AUTO_INCREMENT=15 ;

-- 
-- Tablo döküm verisi `tp10_kullanicilar`
-- 

INSERT INTO `tp10_kullanicilar` VALUES (14, 0x61646d696e, 0x37363031, 1, 1, 1, 1, 1, 1, 1, 1, 1, 1);

-- --------------------------------------------------------

-- 
-- Tablo yapısı: `tp10_moduller`
-- 

CREATE TABLE `tp10_moduller` (
  `id` int(11) NOT NULL auto_increment,
  `adi` varchar(255) collate utf8_bin default NULL,
  `link` varchar(255) collate utf8_bin default NULL,
  PRIMARY KEY  (`id`)
) ENGINE=MyISAM  DEFAULT CHARSET=utf8 COLLATE=utf8_bin AUTO_INCREMENT=28 ;

-- 
-- Tablo döküm verisi `tp10_moduller`
-- 

INSERT INTO `tp10_moduller` VALUES (15, 0xc4b06c65746973696d2050616e656c69, 0x696c65746973696d);
INSERT INTO `tp10_moduller` VALUES (21, 0x536f6c204d656e7520c4b0c3a76572696b, 0x69636572696b5f736f6c);
INSERT INTO `tp10_moduller` VALUES (24, 0x5a697961726574c3a7692044656674657269, 0x646566746572);
INSERT INTO `tp10_moduller` VALUES (25, 0xc39c72c3bc6e6c6572, 0x7572756e6c6572);
INSERT INTO `tp10_moduller` VALUES (26, 0xc4b06e73616e204b61796e616b6c6172c4b1, 0x696b);
INSERT INTO `tp10_moduller` VALUES (27, 0x4f6e6c696e6520536572766973, 0x736572766973);

-- --------------------------------------------------------

-- 
-- Tablo yapısı: `tp10_popup`
-- 

CREATE TABLE `tp10_popup` (
  `id` int(11) NOT NULL auto_increment,
  `metin` longtext collate utf8_bin NOT NULL,
  `metin_eng` longtext collate utf8_bin NOT NULL,
  `metin_rus` longtext collate utf8_bin NOT NULL,
  `metin_de` longtext collate utf8_bin NOT NULL,
  `aktif` varchar(11) collate utf8_bin NOT NULL,
  PRIMARY KEY  (`id`)
) ENGINE=MyISAM  DEFAULT CHARSET=utf8 COLLATE=utf8_bin AUTO_INCREMENT=2 ;

-- 
-- Tablo döküm verisi `tp10_popup`
-- 

INSERT INTO `tp10_popup` VALUES (1, 0x3c7370616e207374796c653d5c22666f6e742d66616d696c793a205461686f6d613b20666f6e742d73697a653a20313070743b205c2220636c6173733d5c224170706c652d7374796c652d7370616e5c223e506f7075702050656e636572653c2f7370616e3e, '', '', '', 0x2d);

-- --------------------------------------------------------

-- 
-- Tablo yapısı: `tp10_site_bilgileri`
-- 

CREATE TABLE `tp10_site_bilgileri` (
  `id` int(11) NOT NULL auto_increment,
  `ek` varchar(11) collate utf8_bin default NULL,
  `site_basligi` varchar(255) collate utf8_bin default NULL,
  `keywords` longtext collate utf8_bin,
  `maps` longtext collate utf8_bin,
  `eposta_sunucusu` varchar(255) collate utf8_bin default NULL,
  `sistem_epostasi` varchar(255) collate utf8_bin default NULL,
  `sistem_eposta_sifresi` varchar(255) collate utf8_bin default NULL,
  `kullanici_epostasi` varchar(255) collate utf8_bin default NULL,
  `dil1` varchar(11) collate utf8_bin default '0',
  `dil2` varchar(11) collate utf8_bin default '0',
  `dil3` varchar(11) collate utf8_bin default '0',
  `dil4` varchar(11) collate utf8_bin default '0',
  `site_basligi_eng` varchar(255) collate utf8_bin default NULL,
  `site_basligi_rus` varchar(255) collate utf8_bin default NULL,
  `site_basligi_de` varchar(255) collate utf8_bin default NULL,
  `keywords_eng` varchar(255) collate utf8_bin default NULL,
  `keywords_rus` varchar(255) collate utf8_bin default NULL,
  `keywords_de` varchar(255) collate utf8_bin default NULL,
  `oto_kod` int(11) default '0',
  `descc` varchar(255) collate utf8_bin default NULL,
  `desc_eng` varchar(255) collate utf8_bin default NULL,
  `desc_rus` varchar(255) collate utf8_bin default NULL,
  `desc_de` varchar(255) collate utf8_bin default NULL,
  `sef` varchar(11) collate utf8_bin default '0',
  PRIMARY KEY  (`id`)
) ENGINE=MyISAM  DEFAULT CHARSET=utf8 COLLATE=utf8_bin AUTO_INCREMENT=2 ;

-- 
-- Tablo döküm verisi `tp10_site_bilgileri`
-- 

INSERT INTO `tp10_site_bilgileri` VALUES (1, '', 0x47c3b66e656e4e65742042696c67697361796172, 0x67c3b66e656e6e65742062696c676973617961722c2062616cc4b16b657369722062696c676973617961722c2062616cc4b16b657369722062696c676973617961722c206e6f7465626f6f6b2074616d6972692c2062696c676973617961722074616d6972692c74656b6e696b2068697a6d65742c2062616cc4b16b65736972207461626c6574207063202c77696e646f77732c666f726d61742c20, '', '', '', '', '', 0x31, 0x31, '', '', '', '', '', '', '', '', 0, 0x47c3b66e656e5c276465206661616c697965742047c3b66e656e4e65742042696c676973617961723b0d0a42696c676973617961722c204e6f7465626f6f6b2c205461626c65742050632074616d697269207665204f656d2073617266206d616c7a656d6520736174c4b1c59fc4b1206b6f6e756c6172c4b16e64612031302079c4b16c64c4b1722068697a6d6574207665726d656b74656469722e, '', '', '', '');

-- --------------------------------------------------------

-- 
-- Tablo yapısı: `tp10_urunler`
-- 

CREATE TABLE `tp10_urunler` (
  `id` int(11) NOT NULL auto_increment,
  `ust_id` int(11) default '0',
  `kategori` int(11) default '0',
  `baslik` varchar(255) collate utf8_bin default NULL,
  `baslik_eng` varchar(255) collate utf8_bin default NULL,
  `baslik_rus` varchar(255) collate utf8_bin default NULL,
  `baslik_de` varchar(255) collate utf8_bin default NULL,
  `urun_kodu` varchar(255) collate utf8_bin default NULL,
  `resim` varchar(255) collate utf8_bin default NULL,
  `detay` longtext collate utf8_bin,
  `detay_eng` longtext collate utf8_bin,
  `detay_rus` longtext collate utf8_bin,
  `detay_de` longtext collate utf8_bin,
  `gorunurluk` varchar(11) collate utf8_bin default '1',
  `sira` int(11) default NULL,
  `title` varchar(255) collate utf8_bin default NULL,
  `title_eng` varchar(255) collate utf8_bin default NULL,
  `title_rus` varchar(255) collate utf8_bin default NULL,
  `title_de` varchar(255) collate utf8_bin default NULL,
  `keywords` varchar(255) collate utf8_bin default NULL,
  `keywords_eng` varchar(255) collate utf8_bin default NULL,
  `keywords_rus` varchar(255) collate utf8_bin default NULL,
  `keywords_de` varchar(255) collate utf8_bin default NULL,
  `sef` varchar(255) collate utf8_bin default NULL,
  `sef_eng` varchar(255) collate utf8_bin default NULL,
  `sef_rus` varchar(255) collate utf8_bin default NULL,
  `sef_de` varchar(255) collate utf8_bin default NULL,
  PRIMARY KEY  (`id`)
) ENGINE=MyISAM DEFAULT CHARSET=utf8 COLLATE=utf8_bin AUTO_INCREMENT=1 ;

-- 
-- Tablo döküm verisi `tp10_urunler`
-- 


-- --------------------------------------------------------

-- 
-- Tablo yapısı: `tp10_urun_dosya`
-- 

CREATE TABLE `tp10_urun_dosya` (
  `id` int(11) NOT NULL auto_increment,
  `baslik_id` varchar(255) collate utf8_bin default NULL,
  `aciklama` varchar(255) collate utf8_bin default NULL,
  `aciklama_eng` varchar(255) collate utf8_bin default NULL,
  `aciklama_rus` varchar(255) collate utf8_bin default NULL,
  `aciklama_de` varchar(255) collate utf8_bin default NULL,
  `resim` varchar(255) collate utf8_bin default NULL,
  `sira` int(11) default NULL,
  PRIMARY KEY  (`id`)
) ENGINE=MyISAM DEFAULT CHARSET=utf8 COLLATE=utf8_bin AUTO_INCREMENT=1 ;

-- 
-- Tablo döküm verisi `tp10_urun_dosya`
-- 


-- --------------------------------------------------------

-- 
-- Tablo yapısı: `tp10_urun_resim`
-- 

CREATE TABLE `tp10_urun_resim` (
  `id` int(11) NOT NULL auto_increment,
  `baslik_id` varchar(255) collate utf8_bin default NULL,
  `aciklama` varchar(255) collate utf8_bin default NULL,
  `aciklama_eng` varchar(255) collate utf8_bin default NULL,
  `aciklama_rus` varchar(255) collate utf8_bin default NULL,
  `aciklama_de` varchar(255) collate utf8_bin default NULL,
  `resim` varchar(255) collate utf8_bin default NULL,
  `sira` int(11) default NULL,
  PRIMARY KEY  (`id`)
) ENGINE=MyISAM DEFAULT CHARSET=utf8 COLLATE=utf8_bin AUTO_INCREMENT=1 ;

-- 
-- Tablo döküm verisi `tp10_urun_resim`
-- 


-- --------------------------------------------------------

-- 
-- Tablo yapısı: `tp10_ust_menuler`
-- 

CREATE TABLE `tp10_ust_menuler` (
  `id` int(11) NOT NULL auto_increment,
  `ust_baslik_id` varchar(11) collate utf8_bin default NULL,
  `baslik` varchar(255) collate utf8_bin default NULL,
  `baslik_eng` varchar(255) collate utf8_bin default NULL,
  `baslik_rus` varchar(255) collate utf8_bin default NULL,
  `baslik_de` varchar(255) collate utf8_bin default NULL,
  `title` varchar(255) collate utf8_bin default NULL,
  `title_eng` varchar(255) collate utf8_bin default NULL,
  `title_rus` varchar(255) collate utf8_bin default NULL,
  `title_de` varchar(255) collate utf8_bin default NULL,
  `keywords` varchar(255) collate utf8_bin default NULL,
  `keywords_eng` varchar(255) collate utf8_bin default NULL,
  `keywords_rus` varchar(255) collate utf8_bin default NULL,
  `keywords_de` varchar(255) collate utf8_bin default NULL,
  `link` varchar(255) collate utf8_bin default NULL,
  `icerik` longtext collate utf8_bin,
  `icerik_eng` longtext collate utf8_bin,
  `icerik_rus` longtext collate utf8_bin,
  `icerik_de` longtext collate utf8_bin,
  `gorunurluk` varchar(11) collate utf8_bin default NULL,
  `sira` int(11) default '0',
  `banner_id` int(11) default '0',
  `banner_id_eng` int(11) default '0',
  `banner_id_rus` int(11) default '0',
  `banner_id_de` int(11) default '0',
  `modul` varchar(255) collate utf8_bin default NULL,
  `sef` varchar(255) collate utf8_bin default NULL,
  `sef_eng` varchar(255) collate utf8_bin default NULL,
  `sef_rus` varchar(255) collate utf8_bin default NULL,
  `sef_de` varchar(255) collate utf8_bin default NULL,
  PRIMARY KEY  (`id`)
) ENGINE=MyISAM  DEFAULT CHARSET=utf8 COLLATE=utf8_bin AUTO_INCREMENT=79 ;

-- 
-- Tablo döküm verisi `tp10_ust_menuler`
-- 

INSERT INTO `tp10_ust_menuler` VALUES (1, 0x30, 0x416e61205361796661, '', '', '', '', '', '', '', '', '', '', '', 0x696e6465782e706870, '', '', '', '', 0x31, 1, 1, 0, 0, 0, '', 0x416e615f5361796661, '', '', '');
INSERT INTO `tp10_ust_menuler` VALUES (47, 0x3433, 0x54656b6e696b2048697a6d6574, '', '', '', '', '', '', '', '', '', '', '', '', 0x[encoded data, 10316 characters], '', '', '', 0x31, 4, 22, 0, 0, 0, '', 0x54656b6e696b5f48697a6d6574, '', '', '');
INSERT INTO `tp10_ust_menuler` VALUES (77, 0x30, 0x54656b6e696b205365727669732054616b6970, '', '', '', '', '', '', '', '', '', '', '', 0x2f7365727669732f696e6465782e706870, '', '', '', '', 0x31, 13, 0, 0, 0, 0, NULL, 0x54656b6e696b5f5365727669735f54616b6970, '', '', '');
INSERT INTO `tp10_ust_menuler` VALUES (2, 0x30, 0x48616b6bc4b16dc4b17a6461, '', '', '', '', '', '', '', '', '', '', '', '', 0x3c703e3c7370616e207374796c653d22666f6e742d66616d696c793a2027547265627563686574204d53273b20666f6e742d73697a653a20313070743b20223e3c62723e3c2f7370616e3e3c2f703e3c7370616e207374796c653d22666f6e742d66616d696c793a2027547265627563686574204d53273b20636f6c6f723a2072676228302c20302c2030293b20223e3c2f7370616e3e, '', '', '', 0x31, 2, 17, 0, 0, 0, '', 0x48616b6b696d697a6461, '', '', '');
INSERT INTO `tp10_ust_menuler` VALUES (38, 0x30, 0xc39c72c3bc6e6c6572696d697a, '', '', '', '', '', '', '', '', '', '', '', '', '', '', '', '', 0x31, 11, 0, 0, 0, 0, '', 0x5572756e6c6572696d697a, '', '', '');
INSERT INTO `tp10_ust_menuler` VALUES (5, 0x30, 0xc4b06c657469c59f696d, '', '', '', '', '', '', '', '', '', '', '', '', 0x3c703e3c7370616e207374796c653d5c22666f6e742d66616d696c793a205c27547265627563686574204d535c273b205c223e3c7370616e207374796c653d5c22666f6e742d73697a653a20313470743b205c223e3c62723e3c2f7370616e3e3c2f7370616e3e3c2f703e0d0a3c703e3c7370616e207374796c653d5c22666f6e742d66616d696c793a205c27547265627563686574204d535c273b205c223e3c7370616e207374796c653d5c22666f6e742d73697a653a20313470743b205c223e47c3b66e656e4e65742042696c676973617961723c62723e3c62723e3c2f7370616e3e3c2f7370616e3e3c2f703e3c7461626c6520626f726465723d5c22315c222077696474683d5c22313030255c223e3c74626f64793e3c74723e3c74643e3c7370616e207374796c653d5c22666f6e742d73697a653a20313470783b20666f6e742d7765696768743a20626f6c643b20666f6e742d66616d696c793a20547265627563686574204d533b20636f6c6f723a20233030305c223e41647265733c2f7370616e3e3c2f74643e3c74643e3c7370616e207374796c653d5c22666f6e742d73697a653a20313470783b20666f6e742d7765696768743a20626f6c643b20666f6e742d66616d696c793a20547265627563686574204d533b20636f6c6f723a20233030305c223e3a3c2f7370616e3e3c2f74643e0d0a3c74643e3c7370616e207374796c653d5c22666f6e742d73697a653a20313470783b20666f6e742d66616d696c793a205c27547265627563686574204d535c273b5c223e416bc3a76161616c69204d61682e20323020536f6b2e204e6f3a2031322f422047c3964e454e3c2f7370616e3e3c2f74643e3c2f74723e3c74723e3c74643e3c7370616e207374796c653d5c22666f6e742d73697a653a20313470783b20666f6e742d7765696768743a20626f6c643b20666f6e742d66616d696c793a20547265627563686574204d533b20636f6c6f723a20233030305c223e54656c3c2f7370616e3e3c2f74643e3c74643e3c7370616e207374796c653d5c22666f6e742d73697a653a20313470783b20666f6e742d7765696768743a20626f6c643b20666f6e742d66616d696c793a20547265627563686574204d533b20636f6c6f723a20233030305c223e3a3c2f7370616e3e3c2f74643e0d0a3c74643e3c7370616e207374796c653d5c22666f6e742d73697a653a20313470783b20666f6e742d66616d696c793a20547265627563686574204d533b20636f6c6f723a20233030305c223e2030202832363629203736322037362030313c2f7370616e3e3c2f74643e3c2f74723e3c74723e3c74643e3c7370616e207374796c653d5c22666f6e742d73697a653a20313470783b20666f6e742d66616d696c793a547265627563686574204d533b20666f6e742d7765696768743a3730303b20636f6c6f723a233030305c223e4661783c2f7370616e3e3c2f74643e3c74643e3c7370616e207374796c653d5c22666f6e742d73697a653a20313470783b20666f6e742d7765696768743a20626f6c643b20666f6e742d66616d696c793a20547265627563686574204d533b20636f6c6f723a20233030305c223e3a3c2f7370616e3e3c2f74643e0d0a3c74643e3c7370616e207374796c653d5c22666f6e742d73697a653a20313470783b20666f6e742d66616d696c793a20547265627563686574204d533b20636f6c6f723a20233030305c223e2030202832363629203736322037372032393c2f7370616e3e3c2f74643e3c2f74723e3c74723e3c74643e3c7370616e207374796c653d5c22666f6e742d73697a653a20313470783b20666f6e742d7765696768743a20626f6c643b20666f6e742d66616d696c793a20547265627563686574204d533b20636f6c6f723a20233030305c223e45202d206d61696c3c2f7370616e3e3c2f74643e3c74643e3c7370616e207374796c653d5c22666f6e742d73697a653a20313470783b20666f6e742d7765696768743a20626f6c643b20666f6e742d66616d696c793a20547265627563686574204d533b20636f6c6f723a20233030305c223e3a3c2f7370616e3e3c2f74643e0d0a3c74643e3c7370616e207374796c653d5c22666f6e742d73697a653a20313470783b20666f6e742d66616d696c793a205c27547265627563686574204d535c273b5c223e62696c676940676f6e656e6e65742e636f6d2e74723c2f7370616e3e3c2f74643e3c2f74723e3c2f74626f64793e3c2f7461626c653e, '', '', '', 0x31, 14, 15, 0, 0, 0, 0x696c65746973696d, 0x696c65746973696d, '', '', '');
INSERT INTO `tp10_ust_menuler` VALUES (39, 0x30, 0x5265666572616e736c6172c4b16dc4b17a, '', '', '', '', '', '', '', '', '', '', '', '', 0x3c7374796c653e3c212d2d702e4d736f4e6f726d616c207b6d736f2d7374796c652d706172656e743a22223b206d617267696e2d626f74746f6d3a2e3030303170743b20666f6e742d73697a653a31312e3070743b20666f6e742d66616d696c793a2243616c69627269222c2273616e732d7365726966223b206d617267696e2d6c6566743a30636d3b206d617267696e2d72696768743a30636d3b206d617267696e2d746f703a30636d7d2d2d3e3c2f7374796c653e3c7461626c652077696474683d22313030252220626f726465723d2230223e3c74626f64793e3c74723e3c74643e3c7020636c6173733d224d736f4e6f726d616c223e4c697374656d697a20656e206bc4b173612073c3bc72652069c3a7696e64652067c3bc6e63656c6c656e6563656b7469722e3c2f703e3c2f74643e3c74642076616c69676e3d22746f70223e3c7020636c6173733d224d736f4e6f726d616c223e266e6273703b3c2f703e3c2f74643e3c2f74723e3c2f74626f64793e3c2f7461626c653e, '', '', '', 0x31, 12, 20, 0, 0, 0, '', 0x5265666572616e736c6172696d697a, '', '', '');
INSERT INTO `tp10_ust_menuler` VALUES (43, 0x30, 0x48697a6d657420766520c387c3b67ac3bc6d6c6572, '', '', '', '', '', '', '', '', '', '', '', '', '', '', '', '', 0x31, 7, 0, 0, 0, 0, '', 0x48697a6d65745f76655f436f7a756d6c6572, '', '', '');
INSERT INTO `tp10_ust_menuler` VALUES (40, 0x30, 0x59617264c4b16d202f2044657374656b, '', '', '', '', '', '', '', '', '', '', '', '', '', '', '', '', 0x30, 15, 0, 0, 0, 0, '', 0x59617264696d5f5f5f44657374656b, '', '', '');
INSERT INTO `tp10_ust_menuler` VALUES (41, 0x30, 0x53c4b16bc3a76120536f72756c616e20536f72756c6172, '', '', '', '', '', '', '', '', '', '', '', '', 0x[encoded data, 74100 characters], '', '', '', 0x30, 16, 21, 0, 0, 0, '', 0x53696b63615f536f72756c616e5f536f72756c6172, '', '', '');
INSERT INTO `tp10_ust_menuler` VALUES (42, 0x30, 0xc4b06e73616e204b61796e616b6c6172c4b1, '', '', '', '', '', '', '', '', '', '', '', '', '', '', '', '', 0x30, 17, 1, 0, 0, 0, 0x696b, 0x696e73616e5f4b61796e616b6c617269, '', '', '');
INSERT INTO `tp10_ust_menuler` VALUES (44, 0x3433, 0x42696c676973617961722054656b6e696b20536572766973, '', '', '', '', '', '', '', '', '', '', '', '', 0x3c70207374796c653d5c22746578742d616c69676e3a6a7573746966795c223e3c7370616e207374796c653d5c22666f6e742d66616d696c793a205c27547265627563686574204d535c273b20666f6e742d73697a653a20313070743b205c223e42696c676973617961722054656b6e696b205365727669732068697a6d65746c6572692c266e6273703b6b6f6e7573756e64610d0a757a6d616e266e6273703b706572736f6e656c6c6572696d697a207461726166c4b16e64616e2072616e646576752079c3b66e74656d69796c65207665206d61726b61206261c49fc4b16d73c4b17a0d0a676572c3a7656b6c65c59f746972696c69722e3c2f7370616e3e3c2f703e0d0a0d0a3c70207374796c653d5c22746578742d616c69676e3a6a7573746966795c223e3c7370616e207374796c653d5c22666f6e742d66616d696c793a205c27547265627563686574204d535c273b20666f6e742d73697a653a20313070743b205c223e47c3b66e656e5c27696e20686572206e6f6b746173c4b16e612c20686572206d61726b612062696c676973617961722c207461626c65742070632c2073756e7563752c0d0a6e6574776f726b2c206e6f7465626f6f6b207665207365727669732069c3a7696e20c3b67a656c2074656b6e696b0d0a7365727669732068697a6d65746920766572656e20656b6962696d697a696e20c3b66e63656c69c49f6920c3a761c49fc4b172c4b16c6172c4b16e2068c4b17a6cc4b120766520646fc49f727520626972206269c3a7696d64650d0a79616ec4b1746c616e6d6173c4b164c4b1722e2054656c65666f6e207665796120696e7465726e657420c3bc7a6572696e64656e20756c61c59f616e20c3a761c49f72c4b16c617220656e206bc4b173610d0a7a616d616e6461206465c49f65726c656e646972696c6572656b207365727669732070726f6772616dc4b16e6120646168696c206564696c69722076652072616e64657675207a616d616ec4b120696c650d0a696c67696c692062696c676920766572696c69722e203c2f7370616e3e3c2f703e0d0a3c70207374796c653d5c22746578742d616c69676e3a6a7573746966795c223e3c7370616e207374796c653d5c22666f6e742d66616d696c793a205c27547265627563686574204d535c273b20666f6e742d73697a653a20313070743b205c223e3c62723e3c2f7370616e3e3c2f703e0d0a0d0a3c70207374796c653d5c22746578742d616c69676e3a6a7573746966795c223e3c7370616e207374796c653d5c22666f6e742d66616d696c793a205c27547265627563686574204d535c273b20666f6e742d73697a653a20313070743b205c223e54656b6e696b205365727669732069c59f6c656d6920676572c3a7656b6c65c59f746972696c69726b656e2062696c6769206b617962c4b12c20766572690d0a67c3bc76656e6c69c49f6920766520c3b67a656c2062696c67696c6572696e206d616872656d69796574692067696269206b6f6e756c617261206861737361736979657420766520c3b67a656e0d0a67c3b673746572696c69722e203c2f7370616e3e3c2f703e0d0a0d0a3c70207374796c653d5c22746578742d616c69676e3a6a7573746966795c223e3c7370616e207374796c653d5c22666f6e742d66616d696c793a205c27547265627563686574204d535c273b20666f6e742d73697a653a20313070743b205c223e476572656b266e6273703b657620676572656b7365206f6669732062696c676973617961726c6172c4b16ec4b17ac4b16e2067c3bc76656e6c69c49f692069c3a7696e0d0a796564656b6c656d652c2067c3bc76656e6c696b2079617ac4b16cc4b16dc4b12076652062616bc4b16d20676962692068697a6d65746c6572696d697a64656e0d0a66617964616c616e6162696c697273696e697a2e3c2f7370616e3e3c2f703e0d0a0d0a3c70207374796c653d5c22746578742d616c69676e3a6a7573746966795c223e3c7370616e207374796c653d5c22666f6e742d66616d696c793a205c27547265627563686574204d535c273b20666f6e742d73697a653a20313070743b205c223ec4b0c59f6c65746d656c65722069c3a7696e2073756e756c616e2068697a6d65746c6572696d697a64652064616b696b616c61722069c3a7696e646520696e7465726e65740d0ac3bc7a6572696e64656e20757a616b206d61736120c3bc7374c3bc206465737465c49f692c203220736161742069c3a7696e646520796572696e6465206163696c207365727669732c2062696c69c59f696d2076650d0a74656b6e6f6c6f6a692064616ec4b1c59f6d616e6cc4b1c49fc4b1206769626920c3bc7374c3bc6e2068697a6d65746c657264656e2066617964616c616e6162696c697273696e697a2e3c2f7370616e3e3c2f703e, '', '', '', 0x31, 1, 14, 0, 0, 0, '', 0x42696c676973617961725f54656b6e696b5f536572766973, '', '', '');
INSERT INTO `tp10_ust_menuler` VALUES (45, 0x3433, 0x4e6f7465626f6f6b2054656b6e696b2053657276697320, '', '', '', '', '', '', '', '', '', '', '', '', 0x[encoded data, 50496 characters], '', '', '', 0x31, 2, 18, 0, 0, 0, '', 0x4e6f7465626f6f6b5f54656b6e696b5f5365727669735f, '', '', '');
INSERT INTO `tp10_ust_menuler` VALUES (49, 0x3338, 0x4d61726b616c6172, '', '', '', '', '', '', '', '', '', '', '', '', '', '', '', '', 0x31, 1, 23, 0, 0, 0, NULL, 0x4d61726b616c6172, '', '', '');
INSERT INTO `tp10_ust_menuler` VALUES (50, 0x3338, 0xc39c72c3bc6e20c38765c59f69746c657269, '', '', '', '', '', '', '', '', '', '', '', '', 0x[encoded data, 16344 characters], '', '', '', 0x31, 2, 23, 0, 0, 0, '', 0x5572756e5f43657369746c657269, '', '', '');
INSERT INTO `tp10_ust_menuler` VALUES (53, 0x30, 0x4b616d70616e79616c6172, '', '', '', '', '', '', '', '', '', '', '', '', 0x47c3bc6e63656c6c656e6563656b7469722e, '', '', '', 0x30, 19, 0, 0, 0, 0, '', 0x4b616d70616e79616c6172, '', '', '');
INSERT INTO `tp10_ust_menuler` VALUES (51, 0x30, 0x4f6e6c696e6520536572766973, '', '', '', '', '', '', '', '', '', '', '', '', 0x3c703e3c7370616e207374796c653d22666f6e742d66616d696c793a2027547265627563686574204d53273b20223e3c62723e3c7370616e207374796c653d22666f6e742d73697a653a20313470743b20223e4f6e6c696e652054656b6e696b20536572766973203c2f7370616e3e3c2f7370616e3e3c2f703e3c703e266e6273703b3c2f703e3c703e3c7370616e207374796c653d22666f6e742d66616d696c793a2027547265627563686574204d53273b20223e4f6e6c696e652074656b6e696b207365727669732068697a6d657469207361796573696e6465266e6273703b6d617361c3bc7374c3bc2062696c676973617961722c2064697ac3bc7374c3bc2062696c676973617961722c266e6273703b6c6170746f702062696c67697361796172266e6273703b76657961206e6f7465626f6f6b2062696c67697361796172c4b16ec4b17a64616b6920736f72756e6c6172c4b12c20636968617ac4b12074656b6e696b20736572766973652067c3b674c3bc726d656b207a6f72756e6461206b616c6d6164616e20766520736f6e2064657265636520656b6f6e6f6d696b206b6fc59f756c6c617264612067696465726562696c697273696e697a2e2053697a20646520736f6e206465726563652062617369742062696c6769736179617220736f72756e6c6172c4b12069c3a7696e2074656b6e696b207365727669736c65726520636968617ac4b16ec4b1207461c59fc4b179c4b1702c2079c3bc6b6cc3bc206d696b7461726c617264612073657276697320706172616c6172c4b120c3b664656d6579696e2e2041726179c4b16e2062697a692c20757a6d616e20706572736f6e656c696d697a20696e7465726e657420c3bc7a6572696e64656e2073697a6920796f726d6164616e20766520736f6e2064657265636520757967756e206669796174612c20736f72756e757a7520676964657273696e2e3c2f7370616e3e3c62723e266e6273703b3c2f703e, '', '', '', 0x30, 18, 19, 0, 0, 0, 0x736572766973, 0x4f6e6c696e655f536572766973, '', '', '');
INSERT INTO `tp10_ust_menuler` VALUES (71, 0x3433, 0x416e7469766972c3bc7320766520c4b06e7465726e65742047c3bc76656e6c69c49f69, '', '', '', '', '', '', '', '', '', '', '', '', 0x3c646976207374796c653d5c22746578742d616c69676e3a206a7573746966793b5c223e3c7370616e207374796c653d5c22666f6e742d66616d696c793a205c27547265627563686574204d535c273b20666f6e742d73697a653a20313070743b205c223e417274c4b16b2067c3bc6ec3bc6dc3bc7a64652062696c676973617961722064656d656b20696e7465726e65742064656d656b2c20696e7465726e657464656d656b2064c3bc6e796179612061c3a7c4b16c616e20626972206b6170c4b12064656d656b2066616b617420626972c3a76f6b206b756c6c616ec4b163c4b12068657267c3bc6e20736179c4b173c4b17a20746568646974207665207465686c696b65796c65206b6172c59fc4b1206b6172c59fc4b17961206b616cc4b1796f722e20427520647572756d2062696c67697361796172c4b16e64612070726f666573796f6e656c206269726b6f72756d612070726f6772616dc4b1206f6c6d6179616e206b756c6c616ec4b163c4b16c6172c4b120c3a76f6b207a6f7220647572756d6c6172646162c4b172616b6162696c69796f722e20c3967a656c6c696b6c652069c59f6c65746d656c65726465207961c59f616e616e2076657269206b6179c4b1706c6172c4b12c20646f6c616e64c4b172c4b163c4b16cc4b16b2c2062696c67692068c4b17273c4b17a6cc4b1c49fc4b12c20736168746563696c696b206769626920736f72756e6c6172206d61646469207665206d616e6576692062c3bc79c3bc6b2068617361726c61726120796f6c2061c3a76162696c69796f722e266e6273703b3c2f7370616e3e3c2f6469763e3c646976207374796c653d5c22746578742d616c69676e3a206a7573746966793b5c223e3c7370616e207374796c653d5c22666f6e742d66616d696c793a205c27547265627563686574204d535c273b20666f6e742d73697a653a20313070743b205c223e3c62723e3c2f7370616e3e3c2f6469763e3c646976207374796c653d5c22746578742d616c69676e3a206a7573746966793b5c223e3c7370616e207374796c653d5c22666f6e742d66616d696c793a205c27547265627563686574204d535c273b20666f6e742d73697a653a20313070743b205c223ec39c6372657473697a206461c49fc4b174c4b16c616e20766972c3bc732070726f6772616d6c6172c4b1206269722069c59f6520796172616d617a6b656e2068617474612062617ac4b16c6172c4b162696c67697361796172c4b16ec4b17ac4b16e206261c59fc4b16e612062656c612062696c65206f6c6162696c69796f722e41736c61207579756d6179616e2c616bc4b16c6cc4b1206269722067c3bc76656e6c696b2073697374656d69796c652062696c67697361796172696e697a6920656e2079656e69207465686469746c657264656e2062696c65206b6f7275796162696c69722c20696e7465726e657474652072616861742072616861742073c3b6726620766520616cc4b1c59f2c76657269c59f207961706162696c6d6520c3b67a67c3bc726cc3bcc49fc3bc20656c64652065646562696c697273696e697a203c2f7370616e3e3c2f6469763e, '', '', '', 0x31, 6, 13, 0, 0, 0, '', 0x416e746976697275735f76655f696e7465726e65745f477576656e6c696769, '', '', '');
INSERT INTO `tp10_ust_menuler` VALUES (72, 0x3433, 0x426179696c696b207665205365727669736c6572, '', '', '', '', '', '', '', '', '', '', '', '', 0x3c703e3c7370616e207374796c653d22666f6e742d66616d696c793a2027547265627563686574204d53273b20223e3c7370616e207374796c653d22636f6c6f723a207265643b20666f6e742d66616d696c793a2027547265627563686574204d53273b20666f6e742d7765696768743a20626f6c643b20223e3c62723e3c2f7370616e3e3c2f7370616e3e3c2f703e0d0a3c703e3c7370616e207374796c653d22666f6e742d66616d696c793a2027547265627563686574204d53273b20666f6e742d7765696768743a20626f6c643b20223e3c7370616e207374796c653d22636f6c6f723a20726564223e4b61776169203c2f7370616e3e6d61726b6173c4b1205965746b696c692054656b6e69732053657276697369206f6c6172616b2068697a6d6574207665726d656b746579697a2e3c2f7370616e3e3c2f703e0d0a0d0a3c703e3c7370616e207374796c653d22666f6e742d66616d696c793a2027547265627563686574204d53273b20666f6e742d7765696768743a20626f6c643b20223e3c7370616e207374796c653d22636f6c6f723a20726564223e4b617761693c2f7370616e3e20c3bc72c3bc6e6c6572696e696e20476172616e74696c6920766520476172616e74690d0a44c4b1c59fc4b120c3bc72c3bc6e6c6572696e65207365727669732c2062616bc4b16d2c206f6e6172c4b16d2c2074616d69722c20796564656b20706172c3a7612074656d696e69206b6f6e7573756e64610d0a5965746b696c692054656b6e696b20536572766973206f6c6172616b266e6273703b68697a6d65742076652064657374656b266e6273703b7665726d656b746579697a2e3c2f7370616e3e3c2f703e0d0a, '', '', '', 0x30, 7, 24, 0, 0, 0, '', 0x426179696c696b5f76655f5365727669736c6572, '', '', '');
INSERT INTO `tp10_ust_menuler` VALUES (73, 0x32, 0x48616b6bc4b16dc4b17a6461, '', '', '', '', '', '', '', '', '', '', '', '', 0x[encoded data, 5272 characters], '', '', '', 0x31, 1, 17, 0, 0, 0, '', 0x48616b6b696d697a6461, '', '', '');
INSERT INTO `tp10_ust_menuler` VALUES (74, 0x32, 0x4b7572756d73616c, '', '', '', '', '', '', '', '', '', '', '', '', 0x3c703e3c7370616e207374796c653d5c22666f6e742d66616d696c793a205c27547265627563686574204d535c273b20666f6e742d73697a653a20313070743b20666f6e742d7765696768743a203730303b205c223ec39c6c6b656d697a696e2062696c676920746f706c756d75206f6c75c59f756d756e61206b61746bc4b164612062756c756e6d616b20616d6163c4b1796c61206b7572756c6d75c59f206f6c616e206669726d616dc4b17a2c2073c3bc72656b6c692079c3bc6b73656c656e206261c59f6172c4b1206772616669c49f69796c652c2062696c676973617961722073656b74c3b672c3bc6e64652079616b6c61c59fc4b16b2031352079c4b16c64616e2062657269206661616c697965746c6572696e65206172616cc4b16b73c4b17a20646576616d2065746d656b74656469722e266e6273703b3c62723e3c62723e3c2f7370616e3e3c2f703e3c703e3c7370616e207374796c653d5c22666f6e742d66616d696c793a205c27547265627563686574204d535c273b20666f6e742d73697a653a20313070743b20666f6e742d7374796c653a206974616c69633b205c223e4669726d616dc4b17a2c2062696c676973617961722064c3bc6e796173c4b16ec4b16e20656e206bc3b66b6cc3bc206d61726b616c6172c4b16ec4b16e202849424d2c2048502c204c454e4f564f2c20415355532c20544f53484942412c204f4b492c205845524f582c2044454c4c2c20414345522c20494e54454c2076622920c3bc72c3bc6e6c6572696e696e207965746b696c6920736174c4b1c59f20766520736174c4b1c59f20736f6e726173c4b12064657374656b2068697a6d65746c6572696e69207665726d656b74656469722e204dc3bcc59f7465726920706f727466c3b679c3bc6e646520676572656b206b616d75206b7572756d6c6172c4b120676572656b73652044656e697a6c69e280996e696e20c3b66e64652067656c656e206669726d616c6172c4b16ec4b12062756c756e647572616e205c223c2f7370616e3e3c7370616e207374796c653d5c22666f6e742d66616d696c793a205c27547265627563686574204d535c273b20666f6e742d73697a653a2031332e3333333333333031353434313970783b5c223e47c3b66e656e4e65742042696c676973617961723c2f7370616e3e3c7370616e207374796c653d5c22666f6e742d66616d696c793a205c27547265627563686574204d535c273b20666f6e742d73697a653a20313070743b20666f6e742d7374796c653a206974616c69633b205c223e5c222c2064c3bc6e79616ec4b16e20656e206bc3b66b6cc3bc206d61726b616c6172c4b16ec4b16e2050632c205365727665722c204e6574776f726b2c204f656d20c39c72c3bc6e6c65726920766520c3876576726520426972696d6c657269206769626920646f6e616ec4b16d6c6172c4b16ec4b16e20736174c4b1c59fc4b16ec4b1207961706d616b74612c2074656b6e696b206465737465c49f696e69207665726d656b74652076652070726f6a6520c3a7c3b67ac3bc6d6c6572696e6920c3bc7265746d656b74656469722e266e6273703b3c62723e3c62723e3c6f3a703e3c2f6f3a703e3c2f7370616e3e3c2f703e3c7370616e207374796c653d5c22666f6e742d66616d696c793a205c27547265627563686574204d535c273b20666f6e742d73697a653a20313070743b20666f6e742d7374796c653a206974616c69633b205c223e5c223c2f7370616e3e3c7370616e207374796c653d5c22666f6e742d66616d696c793a205c27547265627563686574204d535c273b20666f6e742d73697a653a2031332e3333333333333031353434313970783b5c223e47c3b66e656e4e65742042696c676973617961723c2f7370616e3e3c7370616e207374796c653d5c22666f6e742d66616d696c793a205c27547265627563686574204d535c273b20666f6e742d73697a653a20313070743b20666f6e742d7374796c653a206974616c69633b205c223e5c222c2047c3b66e656e5c2764652062756c756e616e206b7572756d73616c206669726d616c6172c4b16e207665206b616d75206b7572756c75c59f6c6172c4b16e206865722074c3bc726cc3bc20646f6e616ec4b16d2076652074656b6e696b2068697a6d65746c6572696e6920796572696e646520736572766973207665726d656b20737572657469796c6520c3a7c3b67ac3bc6d6c65722073756e6d616b6c61206b616c6d6179c4b170206b7572756d73616c206dc3bcc59f7465726920706f727466c3b679c3bc6ec3bc2067c3bc6e64656e2067c3bc6e652073c3bc72656b6c6920617274c4b1726172616b20646576616d2065747469726d656b74656469722e3c2f7370616e3e, '', '', '', 0x31, 2, 17, 0, 0, 0, '', 0x4b7572756d73616c, '', '', '');
INSERT INTO `tp10_ust_menuler` VALUES (75, 0x30, 0x43616e6cc4b12044657374656b, '', '', '', '', '', '', '', '', '', '', '', '', 0x3c6469763e3c696672616d65207372633d22687474703a2f2f73657474696e67732e6d657373656e6765722e6c6976652e636f6d2f436f6e766572736174696f6e2f494d4d652e617370783f696e76697465653d33393130303739326562356234353040617070732e6d657373656e6765722e6c6976652e636f6d26616d703b6d6b743d74722d5452222077696474683d2238303022206865696768743d2234303022207374796c653d22626f726465723a20736f6c69642031707820626c61636b3b2077696474683a2038303070783b206865696768743a2034303070783b22206672616d65626f726465723d223022207363726f6c6c696e673d226e6f223e3c2f696672616d653e3c2f6469763e, '', '', '', 0x30, 20, 25, 0, 0, 0, '', 0x43616e6c695f44657374656b, '', '', '');
INSERT INTO `tp10_ust_menuler` VALUES (76, 0x3338, 0x59617ac4b16cc4b16d20c387c3b67ac3bc6d6c6572696d697a, '', '', '', '', '', '', '', '', '', '', '', '', 0x3c7370616e20636c6173733d224170706c652d7461622d7370616e22207374796c653d2277686974652d73706163653a707265223e09093c2f7370616e3e, '', '', '', 0x31, 3, 0, 0, 0, 0, '', 0x59617a696c696d5f436f7a756d6c6572696d697a, '', '', '');
INSERT INTO `tp10_ust_menuler` VALUES (78, 0x30, 0x4d616c7a656d6520536174c4b1c59fc4b1, '', '', '', '', '', '', '', '', '', '', '', '', 0x47c3bc6e63656c6c656e6563656b746972, '', '', '', 0x30, 21, 0, 0, 0, 0, NULL, 0x4d616c7a656d655f536174697369, '', '', '');

-- --------------------------------------------------------

-- 
-- Tablo yapısı: `tp10_ziyaretci_defteri`
-- 

CREATE TABLE `tp10_ziyaretci_defteri` (
  `id` int(11) NOT NULL auto_increment,
  `ad_soyad` varchar(255) collate utf8_bin default NULL,
  `e_posta` varchar(255) collate utf8_bin default NULL,
  `tarih` varchar(255) collate utf8_bin default NULL,
  `mesaj` longtext collate utf8_bin,
  `ip` varchar(255) collate utf8_bin default NULL,
  `onay` int(11) default NULL,
  PRIMARY KEY  (`id`)
) ENGINE=MyISAM DEFAULT CHARSET=utf8 COLLATE=utf8_bin AUTO_INCREMENT=1 ;

-- 
-- Tablo döküm verisi `tp10_ziyaretci_defteri`
-- 

